nder when (52 + 3 - 2)/f is divided by v(-5).
11
Let x(z) = -102*z + 5. What is the remainder when x(-1) is divided by 12?
11
Let h be (4/6)/((-4)/6). Calculate the remainder when 32 is divided by (h/(-4))/(2/88).
10
Suppose 24*k + 254 = 2246. What is the remainder when k is divided by 37?
9
Let b = 295 + -242. Calculate the remainder when b is divided by 16.
5
Let m = -102 - -109. Suppose -m*l + 56 = -637. Calculate the remainder when l is divided by 26.
21
Let h = 36 - 58. Let k be (-3 + h/(-4))*2. Suppose 0*p = -5*f + 2*p + 374, -k*p - 84 = -f. Calculate the remainder when f is divided by 15.
14
Suppose 81*h = -532 + 8146. Calculate the remainder when h is divided by 54.
40
Let s be 9 - (-2 + 1 + 1). Suppose -12 = -3*m + s. Suppose 113 = 12*k + 53. What is the remainder when m is divided by k?
2
Suppose 597 = -28*q + 29*q. Calculate the remainder when q is divided by 20.
17
Let p(g) = -g**3 - 21*g**2 - 22*g + 38. Let o be p(-20). Suppose 36*q - o = 30*q. Calculate the remainder when q is divided by 7.
6
Let s = 5 + -28. Let o(f) = -6*f + 7. Let w be o(-3). Let m = s + w. What is the remainder when 2 is divided by m?
0
Suppose 16*g - 854 = -86. Let h = -14 + g. What is the remainder when 94 is divided by h?
26
Let s be -10*(-4)/(-8)*1. Let p be ((-3)/(-3))/(-1) - s. What is the remainder when p/12*(33 - 0) is divided by 6?
5
Let m be (-6)/32*-4*4. Calculate the remainder when 3/((-42)/15 + m) is divided by 9.
6
Suppose 5*t = -m + 73 + 80, -4*m + 132 = 4*t. What is the remainder when 95 is divided by t?
5
Suppose 24 = 3*w + 2*r, -2*w - 2*r = -4 - 12. Suppose 7*g - w*g = -3. Let o = 10 + 0. Calculate the remainder when o is divided by g.
1
Calculate the remainder when -14*((-86)/14 + -1) is divided by 22.
12
Suppose -9*j = -13*j - 40. Let p = j - -15. What is the remainder when 12 is divided by p?
2
Suppose -4*f - 5*v + 318 = 0, -2*v + 3*v - 79 = -f. What is the remainder when f is divided by 24?
5
Let b(a) = a**2 - 11*a - 8. Let t be b(12). Suppose -t*g - 10 = g, 2*i - g = 46. What is the remainder when 108 is divided by i?
20
Suppose 0 = -15*q + 1961 + 1024. What is the remainder when q is divided by 51?
46
Suppose -3*l - 88 = -2*k - 119, 4*k - 68 = -4*l. Let x = -10 + 17. Let q = l - x. What is the remainder when 21 is divided by q?
3
Suppose -27*t = -29*t + 10. Let k be 1/1 + 4 + -1. Suppose -2*m - 74 = -4*n, 5 = -n - k*m + 19. What is the remainder when n is divided by t?
3
Let r = -61 - -104. Let t = 44 + -36. Suppose 0 = 2*o - 22 - t. Calculate the remainder when r is divided by o.
13
What is the remainder when 94 is divided by (-522)/(-16) + ((-189)/(-56) - 3)?
28
Suppose 2*y + 6 = 7*y + 2*z, 2*y = 4*z + 12. Calculate the remainder when 21 is divided by y.
1
Let j = 4 + -3. Suppose -38*y = -50*y + 108. What is the remainder when j + 33 + -1 + 2 is divided by y?
8
Suppose -6*z + 10*z = 4, -z = 5*o - 61. Calculate the remainder when 66 is divided by o.
6
Let v(x) = x**3 + 8*x**2 + 7*x + 10. Suppose -2 = -d + 2. What is the remainder when v(-7) is divided by d?
2
Calculate the remainder when 119 is divided by ((8/(-4))/(-8))/((-5)/(-820)).
37
Calculate the remainder when 70 is divided by 0 + -4 + (-132)/(-22) - -7.
7
Suppose 0 = l - 3*s - 94, l + 4*s - 61 - 33 = 0. What is the remainder when l is divided by 24?
22
Suppose -11*d + 3699 = 993. Calculate the remainder when d is divided by 83.
80
Suppose -5 = 5*i, 27 = -f + 6*f + 3*i. Calculate the remainder when f is divided by 2.
0
Suppose -2*s + 4*d = -82, 0*s = -5*s + 4*d + 181. What is the remainder when 49 is divided by s?
16
Calculate the remainder when 104 is divided by (9 + -12)*2 + 46.
24
What is the remainder when (-16 - -9)/(-7) + 0 + 66 is divided by 37?
30
Let w = 117 - -52. Calculate the remainder when w is divided by 9.
7
Let f(q) = -q - 1. Let u be f(-11). Let b = -6 + u. Suppose b = -h + 3*m, 6*h + m = h + 44. What is the remainder when 14 is divided by h?
6
Let w = 78 + -78. Suppose w = -10*f - 119 + 379. What is the remainder when f is divided by 15?
11
Let o = -148 - -195. Calculate the remainder when o is divided by 16.
15
Let s(g) = -216*g**3 + 2*g**2 - g - 2. Let m be 0 + 4 - 10*(-2)/(-4). Calculate the remainder when s(m) is divided by 20.
17
Calculate the remainder when (-31 - 2 - 1)*(-100)/40 is divided by 29.
27
Suppose 8*u - 378 = 1390. Suppose 4*t = -u + 621. Calculate the remainder when t is divided by 13.
9
Let w(f) = 2*f + 5. Let y = -22 - -28. What is the remainder when w(y) is divided by 5?
2
Let z = 13 + -18. What is the remainder when 75 is divided by (-2)/4*130/z?
10
Suppose 857 - 845 = 3*q. Calculate the remainder when 72 is divided by q.
0
Suppose 3 = -11*b + 14*b, -123 = -2*r - 3*b. What is the remainder when 479 is divided by r?
59
Let x(w) = 18*w**3 + w**2 - w + 1. Let q be x(2). Let k = q - 52. Calculate the remainder when k is divided by 24.
23
Calculate the remainder when (-108)/(-24)*80/3 is divided by 30 - (-4 - 4/8*-6).
27
Suppose 191*m = 199*m - 64. What is the remainder when (-2 - 0) + (-46)/(-2) is divided by m?
5
Let s = -7 + 23. Calculate the remainder when 18 is divided by s.
2
Let u be 3 - (-4)/(8/90). Suppose -u = -3*d - d. Suppose -d = -z + 25. What is the remainder when 108 is divided by z?
34
What is the remainder when 18 is divided by (10 - 14)*(0 - (-5)/(-2))?
8
Let t = -375 + 427. Calculate the remainder when t is divided by 20.
12
Let p(h) = 22*h - 4. Calculate the remainder when p(4) is divided by 325/11 + (-504)/924.
26
Let l be (-16)/(-4) + 162 + 0. Suppose 7 = -x + l. What is the remainder when x is divided by 23?
21
Let f(j) = j**2 - 5*j + 4. Let c be f(6). Let r(o) = o**3 - 11*o**2 + 11*o - 3. Calculate the remainder when 13 is divided by r(c).
6
Let w(v) = -v. Let s be w(-12). Let t = -7 + s. What is the remainder when 9 is divided by t?
4
Let m(n) = -11*n + 4. Let h(g) = -5*g + 2. Let d(u) = -13*h(u) + 6*m(u). Suppose -42 = 7*w + 35. What is the remainder when 25 is divided by d(w)?
7
Calculate the remainder when 858/(-4)*(-10)/(-15)*-1 is divided by 12.
11
Suppose -5*a = -2*f + 67, 2*f - 63 = -2*a + 3*a. Suppose -3*p = x - 55, 4*x = -6*p + p + 94. What is the remainder when f is divided by p?
13
Suppose -9*c = 5*j - 8*c - 685, 5*j = -4*c + 685. What is the remainder when j is divided by 40?
17
Let w(f) = -f. Let a(r) = 8*r**2 - 3*r - 1. Let l(o) = a(o) - 6*w(o). Calculate the remainder when l(2) is divided by (-5400)/(-405)*(-6)/(-4).
17
Suppose -2*v = -5*l + 241, 10*v = 5*v - 15. What is the remainder when l is divided by 5 - (-10 - (-6)/2)?
11
Suppose -2*j = -61 - 37. What is the remainder when j is divided by 10?
9
Let s = -73 + 146. What is the remainder when 218 is divided by s?
72
Calculate the remainder when 48 is divided by (-6 - (-49)/21)*-3.
4
Let x(p) = -2*p**2 - 5*p + 5. Let t(w) = 6*w**2 + 14*w - 14. Let j = 0 - -5. Let u(y) = j*t(y) + 14*x(y). Calculate the remainder when 7 is divided by u(1).
1
Suppose -37*g = -69*g + 3744. Calculate the remainder when g is divided by 41.
35
Let q(c) = 2*c + 6. Let p be q(3). Suppose -p = r - 5*r. What is the remainder when 3 is divided by r?
0
Let d(a) = 5*a**2 + 6. Let g(s) = 6*s**2 - s + 6. Let r(j) = 5*d(j) - 4*g(j). Calculate the remainder when 32 is divided by r(-6).
14
Suppose q = -6*w + 9*w - 831, 3*w - 3*q - 837 = 0. Suppose 0 = 4*s + 2*o - w, 2*o = 3*s - 6*s + 206. Calculate the remainder when s is divided by 12.
10
Let t be (18/(-4))/(-3)*1488/36. Suppose 0 = 3*n - 5*n + t. Calculate the remainder when n is divided by 7.
3
Calculate the remainder when ((-12)/8 - -3)*(-472)/(-6) is divided by ((-66)/(-8))/11 - (-154)/8.
18
Let c(w) = -w**2 - 8*w - 9. Let d be c(-7). Let l(j) = 17*j - 11. Calculate the remainder when l(3) is divided by d + 2*2 + 12.
12
Let x = -2502 - -2539. Let f be -2*1*(4 - 1). Calculate the remainder when x is divided by -1*(-4 + 2) - f.
5
Let b(w) = -w**3 - w**2 + 7. Let k = 12 - -158. Suppose 7*o - k - 61 = 0. What is the remainder when o is divided by b(0)?
5
Suppose -4*o - 3*i - 2*i = 13, 5*o + 2*i + 12 = 0. Let w = 7 + o. Suppose 0 = w*k - 9 - 16. What is the remainder when 18 is divided by k?
3
Let f be (1 + (1 - 3))*-13. Let i = -83 + 86. Suppose i*l = 32 + f. Calculate the remainder when 28 is divided by l.
13
Let u be (-1*15)/(-1